CRAN Package Check Results for Package HI

Last updated on 2020-02-28 22:53:34 CET.

Flavor Version Tinstall Tcheck Ttotal Status Flags
r-devel-linux-x86_64-debian-clang 0.4 2.57 29.18 31.75 NOTE
r-devel-linux-x86_64-debian-gcc 0.4 2.53 23.52 26.05 NOTE
r-devel-linux-x86_64-fedora-clang 0.4 39.61 NOTE
r-devel-linux-x86_64-fedora-gcc 0.4 38.90 NOTE
r-devel-windows-ix86+x86_64 0.4 9.00 49.00 58.00 NOTE
r-devel-windows-ix86+x86_64-gcc8 0.4 8.00 52.00 60.00 NOTE
r-patched-linux-x86_64 0.4 2.20 27.25 29.45 NOTE
r-patched-solaris-x86 0.4 53.80 NOTE
r-release-linux-x86_64 0.4 2.43 26.76 29.19 NOTE
r-release-windows-ix86+x86_64 0.4 7.00 72.00 79.00 NOTE
r-release-osx-x86_64 0.4 NOTE
r-oldrel-windows-ix86+x86_64 0.4 6.00 45.00 51.00 NOTE
r-oldrel-osx-x86_64 0.4 NOTE

Check Details

Version: 0.4
Check: R code for possible problems
Result: NOTE
    arms: no visible global function definition for 'rnorm'
    rballunif: no visible global function definition for 'rnorm'
    rballunif: no visible global function definition for 'runif'
    Undefined global functions or variables:
     rnorm runif
    Consider adding
     importFrom("stats", "rnorm", "runif")
    to your NAMESPACE file.
Flavors: r-devel-linux-x86_64-debian-clang, r-devel-linux-x86_64-debian-gcc, r-devel-linux-x86_64-fedora-clang, r-devel-linux-x86_64-fedora-gcc, r-devel-windows-ix86+x86_64, r-devel-windows-ix86+x86_64-gcc8, r-patched-linux-x86_64, r-patched-solaris-x86, r-release-linux-x86_64, r-release-windows-ix86+x86_64, r-release-osx-x86_64, r-oldrel-windows-ix86+x86_64, r-oldrel-osx-x86_64

Version: 0.4
Check: compiled code
Result: NOTE
    File ‘HI/libs/HI.so’:
     Found no calls to: ‘R_registerRoutines’, ‘R_useDynamicSymbols’
    
    It is good practice to register native routines and to disable symbol
    search.
    
    See ‘Writing portable packages’ in the ‘Writing R Extensions’ manual.
Flavors: r-devel-linux-x86_64-fedora-clang, r-devel-linux-x86_64-fedora-gcc