CRAN Package Check Results for Package HDPenReg

Last updated on 2021-06-20 09:49:51 CEST.

Flavor Version Tinstall Tcheck Ttotal Status Flags
r-devel-linux-x86_64-debian-clang 0.94.7 339.27 101.61 440.88 OK
r-devel-linux-x86_64-debian-gcc 0.94.7 262.54 78.58 341.12 OK
r-devel-linux-x86_64-fedora-clang 0.94.7 597.67 NOTE
r-devel-linux-x86_64-fedora-gcc 0.94.7 626.01 OK
r-devel-windows-x86_64 0.94.7 375.00 125.00 500.00 OK
r-devel-windows-x86_64-gcc10-UCRT 0.94.7 OK
r-patched-linux-x86_64 0.94.7 315.82 97.81 413.63 OK
r-patched-solaris-x86 0.94.7 535.80 OK
r-release-linux-x86_64 0.94.7 312.02 99.75 411.77 OK
r-release-macos-arm64 0.94.7 NOTE
r-release-macos-x86_64 0.94.7 NOTE
r-release-windows-ix86+x86_64 0.94.7 741.00 146.00 887.00 OK
r-oldrel-macos-x86_64 0.94.7 NOTE
r-oldrel-windows-ix86+x86_64 0.94.7 557.00 179.00 736.00 OK

Check Details

Version: 0.94.7
Check: installed package size
Result: NOTE
     installed size is 22.7Mb
     sub-directories of 1Mb or more:
     libs 22.2Mb
Flavors: r-devel-linux-x86_64-fedora-clang, r-release-macos-arm64, r-release-macos-x86_64, r-oldrel-macos-x86_64