CRAN Package Check Results for Package GpGp

Last updated on 2021-04-15 09:50:00 CEST.

Flavor Version Tinstall Tcheck Ttotal Status Flags
r-devel-linux-x86_64-debian-clang 0.3.2 73.03 73.97 147.00 OK
r-devel-linux-x86_64-debian-gcc 0.3.2 52.33 48.05 100.38 OK
r-devel-linux-x86_64-fedora-clang 0.3.2 202.09 NOTE
r-devel-linux-x86_64-fedora-gcc 0.3.2 174.63 OK
r-devel-windows-ix86+x86_64 0.3.2 167.00 139.00 306.00 OK
r-devel-windows-x86_64-gcc10-UCRT 0.3.2 OK
r-patched-linux-x86_64 0.3.2 62.35 63.14 125.49 OK
r-patched-solaris-x86 0.3.2 220.50 ERROR
r-release-linux-x86_64 0.3.2 59.76 61.41 121.17 OK
r-release-macos-x86_64 0.3.2 NOTE
r-release-windows-ix86+x86_64 0.3.2 122.00 148.00 270.00 OK
r-oldrel-macos-x86_64 0.3.2 NOTE
r-oldrel-windows-ix86+x86_64 0.3.2 145.00 101.00 246.00 OK

Check Details

Version: 0.3.2
Check: installed package size
Result: NOTE
     installed size is 8.2Mb
     sub-directories of 1Mb or more:
     data 1.4Mb
     libs 6.5Mb
Flavors: r-devel-linux-x86_64-fedora-clang, r-release-macos-x86_64, r-oldrel-macos-x86_64

Version: 0.3.2
Check: tests
Result: ERROR
     Running ‘testthat.R’ [19s/19s]
    Running the tests in ‘tests/testthat.R’ failed.
    Complete output:
     > library(testthat)
     > library(GpGp)
     >
     > test_check("GpGp")
    
     warning: solve(): system seems singular; attempting approx solution
    
     warning: solve(): system seems singular; attempting approx solution
    
     warning: solve(): system seems singular; attempting approx solution
    
     warning: solve(): system seems singular; attempting approx solution
    
     warning: solve(): system seems singular; attempting approx solution
    
     warning: solve(): system seems singular; attempting approx solution
    
     warning: solve(): system seems singular; attempting approx solution
    
     warning: solve(): system seems singular; attempting approx solution
    
     warning: solve(): system seems singular; attempting approx solution
    
     warning: solve(): system seems singular; attempting approx solution
    
     warning: solve(): system seems singular; attempting approx solution
    
     warning: solve(): system seems singular; attempting approx solution
    
     warning: solve(): system seems singular; attempting approx solution
    
     warning: solve(): system seems singular; attempting approx solution
    
     warning: solve(): system seems singular; attempting approx solution
     ══ Failed tests ════════════════════════════════════════════════════════════════
     ── Failure (test_loglik.R:33:5): likelihood approximations are exact when m = n-1 ──
     llobj$loglik not equal to `ll_exact`.
     1/1 mismatches
     [1] 217 - 62.7 == 155
     ── Failure (test_loglik.R:39:5): likelihood approximations are exact when m = n-1 ──
     llobj$loglik not equal to `ll_exact`.
     1/1 mismatches
     [1] 217 - 62.7 == 155
    
     [ FAIL 2 | WARN 0 | SKIP 0 | PASS 109 ]
     Error: Test failures
     Execution halted
Flavor: r-patched-solaris-x86