CRAN Package Check Results for Package GillespieSSA2

Last updated on 2020-03-30 20:48:29 CEST.

Flavor Version Tinstall Tcheck Ttotal Status Flags
r-devel-linux-x86_64-debian-clang 0.2.6.1 83.10 590.66 673.76 OK
r-devel-linux-x86_64-debian-gcc 0.2.6.1 50.63 338.78 389.41 OK
r-devel-linux-x86_64-fedora-clang 0.2.6.1 790.72 NOTE
r-devel-linux-x86_64-fedora-gcc 0.2.6.1 680.95 OK
r-devel-windows-ix86+x86_64 0.2.6.1 134.00 546.00 680.00 OK
r-devel-windows-ix86+x86_64-gcc8 0.2.6.1 153.00 603.00 756.00 OK
r-patched-linux-x86_64 0.2.6.1 58.84 461.34 520.18 OK
r-patched-solaris-x86 0.2.6.1 1138.20 OK
r-release-linux-x86_64 0.2.6.1 61.67 453.49 515.16 OK
r-release-windows-ix86+x86_64 0.2.6.1 201.00 816.00 1017.00 OK
r-release-osx-x86_64 0.2.6.1 NOTE
r-oldrel-windows-ix86+x86_64 0.2.6.1 168.00 665.00 833.00 OK
r-oldrel-osx-x86_64 0.2.6.1 NOTE

Check Details

Version: 0.2.6.1
Check: installed package size
Result: NOTE
     installed size is 5.9Mb
     sub-directories of 1Mb or more:
     doc 1.6Mb
     libs 3.8Mb
Flavors: r-devel-linux-x86_64-fedora-clang, r-release-osx-x86_64, r-oldrel-osx-x86_64