CRAN Package Check Results for Package GiRaF

Last updated on 2021-04-15 09:50:00 CEST.

Flavor Version Tinstall Tcheck Ttotal Status Flags
r-devel-linux-x86_64-debian-clang 1.0.1 80.74 67.48 148.22 OK
r-devel-linux-x86_64-debian-gcc 1.0.1 62.08 52.79 114.87 OK
r-devel-linux-x86_64-fedora-clang 1.0.1 213.88 NOTE
r-devel-linux-x86_64-fedora-gcc 1.0.1 203.67 NOTE
r-devel-windows-ix86+x86_64 1.0.1 213.00 126.00 339.00 OK
r-devel-windows-x86_64-gcc10-UCRT 1.0.1 OK
r-patched-linux-x86_64 1.0.1 76.86 67.05 143.91 OK
r-patched-solaris-x86 1.0.1 224.60 OK
r-release-linux-x86_64 1.0.1 69.21 66.99 136.20 OK
r-release-macos-x86_64 1.0.1 NOTE
r-release-windows-ix86+x86_64 1.0.1 180.00 129.00 309.00 OK
r-oldrel-macos-x86_64 1.0.1 NOTE
r-oldrel-windows-ix86+x86_64 1.0.1 185.00 95.00 280.00 OK

Check Details

Version: 1.0.1
Check: installed package size
Result: NOTE
     installed size is 6.2Mb
     sub-directories of 1Mb or more:
     libs 5.7Mb
Flavors: r-devel-linux-x86_64-fedora-clang, r-release-macos-x86_64, r-oldrel-macos-x86_64

Version: 1.0.1
Check: compiled code
Result: NOTE
    File ‘GiRaF/libs/GiRaF.so’:
     Found no calls to: ‘R_registerRoutines’, ‘R_useDynamicSymbols’
    
    It is good practice to register native routines and to disable symbol
    search.
    
    See ‘Writing portable packages’ in the ‘Writing R Extensions’ manual.
Flavors: r-devel-linux-x86_64-fedora-clang, r-devel-linux-x86_64-fedora-gcc