CRAN Package Check Results for Package GeneBook

Last updated on 2020-02-21 17:47:46 CET.

Flavor Version Tinstall Tcheck Ttotal Status Flags
r-devel-linux-x86_64-debian-clang 1.0 10.48 43.68 54.16 OK
r-devel-linux-x86_64-debian-gcc 1.0 9.09 36.10 45.19 OK
r-devel-linux-x86_64-fedora-clang 1.0 68.68 NOTE
r-devel-linux-x86_64-fedora-gcc 1.0 67.64 NOTE
r-devel-windows-ix86+x86_64 1.0 19.00 53.00 72.00 NOTE
r-devel-windows-ix86+x86_64-gcc8 1.0 28.00 68.00 96.00 NOTE
r-patched-linux-x86_64 1.0 9.14 41.06 50.20 OK
r-patched-solaris-x86 1.0 121.00 NOTE
r-release-linux-x86_64 1.0 9.78 41.10 50.88 OK
r-release-windows-ix86+x86_64 1.0 20.00 57.00 77.00 NOTE
r-release-osx-x86_64 1.0 NOTE
r-oldrel-windows-ix86+x86_64 1.0 11.00 48.00 59.00 NOTE
r-oldrel-osx-x86_64 1.0 NOTE

Check Details

Version: 1.0
Check: installed package size
Result: NOTE
     installed size is 10.3Mb
     sub-directories of 1Mb or more:
     R 10.2Mb
Flavors: r-devel-linux-x86_64-fedora-clang, r-devel-windows-ix86+x86_64, r-devel-windows-ix86+x86_64-gcc8, r-patched-solaris-x86, r-release-windows-ix86+x86_64, r-release-osx-x86_64, r-oldrel-windows-ix86+x86_64, r-oldrel-osx-x86_64

Version: 1.0
Check: dependencies in R code
Result: NOTE
    Namespace in Imports field not imported from: ‘repmis’
     All declared Imports should be used.
Flavors: r-devel-linux-x86_64-fedora-clang, r-devel-linux-x86_64-fedora-gcc, r-patched-solaris-x86, r-release-osx-x86_64, r-oldrel-osx-x86_64