CRAN Package Check Results for Package GenAlgo

Last updated on 2021-04-15 09:49:59 CEST.

Flavor Version Tinstall Tcheck Ttotal Status Flags
r-devel-linux-x86_64-debian-clang 2.2.0 2.97 43.23 46.20 OK
r-devel-linux-x86_64-debian-gcc 2.2.0 2.16 33.82 35.98 OK
r-devel-linux-x86_64-fedora-clang 2.2.0 66.60 NOTE
r-devel-linux-x86_64-fedora-gcc 2.2.0 56.13 NOTE
r-devel-windows-ix86+x86_64 2.2.0 10.00 69.00 79.00 OK
r-devel-windows-x86_64-gcc10-UCRT 2.2.0 NOTE
r-patched-linux-x86_64 2.2.0 3.09 41.69 44.78 OK
r-patched-solaris-x86 2.2.0 84.90 NOTE
r-release-linux-x86_64 2.2.0 3.11 41.62 44.73 OK
r-release-macos-x86_64 2.2.0 NOTE
r-release-windows-ix86+x86_64 2.2.0 7.00 69.00 76.00 OK
r-oldrel-macos-x86_64 2.2.0 NOTE
r-oldrel-windows-ix86+x86_64 2.2.0 6.00 48.00 54.00 OK

Check Details

Version: 2.2.0
Check: data for non-ASCII characters
Result: NOTE
     Note: found 17 marked UTF-8 strings
Flavors: r-devel-linux-x86_64-fedora-clang, r-devel-linux-x86_64-fedora-gcc, r-devel-windows-x86_64-gcc10-UCRT, r-patched-solaris-x86, r-release-macos-x86_64, r-oldrel-macos-x86_64