CRAN Package Check Results for Package GWmodel

Last updated on 2020-07-06 21:50:28 CEST.

Flavor Version Tinstall Tcheck Ttotal Status Flags
r-devel-linux-x86_64-debian-clang 2.1-4 68.25 214.69 282.94 OK
r-devel-linux-x86_64-debian-gcc 2.1-4 54.45 161.17 215.62 OK
r-devel-linux-x86_64-fedora-clang 2.1-4 362.03 NOTE
r-devel-linux-x86_64-fedora-gcc 2.1-4 344.24 OK
r-devel-windows-ix86+x86_64 2.1-4 172.00 425.00 597.00 NOTE
r-patched-linux-x86_64 2.1-4 56.11 212.92 269.03 OK
r-patched-solaris-x86 2.1-4 443.20 NOTE
r-release-linux-x86_64 2.1-4 58.08 210.51 268.59 OK
r-release-osx-x86_64 2.1-4 NOTE
r-release-windows-ix86+x86_64 2.1-4 129.00 297.00 426.00 NOTE
r-oldrel-osx-x86_64 2.1-4 NOTE
r-oldrel-windows-ix86+x86_64 2.1-4 152.00 426.00 578.00 NOTE

Check Details

Version: 2.1-4
Check: installed package size
Result: NOTE
     installed size is 8.4Mb
     sub-directories of 1Mb or more:
     data 3.9Mb
     libs 3.7Mb
Flavors: r-devel-linux-x86_64-fedora-clang, r-devel-windows-ix86+x86_64, r-patched-solaris-x86, r-release-osx-x86_64, r-release-windows-ix86+x86_64, r-oldrel-osx-x86_64, r-oldrel-windows-ix86+x86_64