CRAN Package Check Results for Package GWmodel

Last updated on 2020-02-21 17:47:47 CET.

Flavor Version Tinstall Tcheck Ttotal Status Flags
r-devel-linux-x86_64-debian-clang 2.1-3 64.12 199.45 263.57 OK
r-devel-linux-x86_64-debian-gcc 2.1-3 52.62 150.79 203.41 OK
r-devel-linux-x86_64-fedora-clang 2.1-3 321.73 NOTE
r-devel-linux-x86_64-fedora-gcc 2.1-3 323.61 OK
r-devel-windows-ix86+x86_64 2.1-3 126.00 271.00 397.00 OK
r-devel-windows-ix86+x86_64-gcc8 2.1-3 166.00 324.00 490.00 OK
r-patched-linux-x86_64 2.1-3 54.26 171.44 225.70 OK
r-patched-solaris-x86 2.1-3 383.10 OK
r-release-linux-x86_64 2.1-3 53.31 172.21 225.52 OK
r-release-windows-ix86+x86_64 2.1-3 107.00 266.00 373.00 OK
r-release-osx-x86_64 2.1-3 NOTE
r-oldrel-windows-ix86+x86_64 2.1-3 89.00 241.00 330.00 OK
r-oldrel-osx-x86_64 2.1-3 NOTE

Check Details

Version: 2.1-3
Check: installed package size
Result: NOTE
     installed size is 5.5Mb
     sub-directories of 1Mb or more:
     data 1.5Mb
     libs 3.2Mb
Flavors: r-devel-linux-x86_64-fedora-clang, r-release-osx-x86_64, r-oldrel-osx-x86_64