CRAN Package Check Results for Package GWLelast

Last updated on 2020-02-28 22:53:34 CET.

Flavor Version Tinstall Tcheck Ttotal Status Flags
r-devel-linux-x86_64-debian-clang 1.2.2 6.87 59.28 66.15 OK
r-devel-linux-x86_64-debian-gcc 1.2.2 5.87 47.32 53.19 OK
r-devel-linux-x86_64-fedora-clang 1.2.2 86.43 NOTE
r-devel-linux-x86_64-fedora-gcc 1.2.2 78.74 NOTE
r-devel-windows-ix86+x86_64 1.2.2 22.00 103.00 125.00 OK
r-devel-windows-ix86+x86_64-gcc8 1.2.2 15.00 71.00 86.00 OK
r-patched-linux-x86_64 1.2.2 6.07 52.95 59.02 OK
r-patched-solaris-x86 1.2.2 112.00 NOTE
r-release-linux-x86_64 1.2.2 6.40 52.65 59.05 OK
r-release-windows-ix86+x86_64 1.2.2 14.00 87.00 101.00 OK
r-release-osx-x86_64 1.2.2 NOTE
r-oldrel-windows-ix86+x86_64 1.2.2 7.00 60.00 67.00 OK
r-oldrel-osx-x86_64 1.2.2 NOTE

Check Details

Version: 1.2.2
Check: dependencies in R code
Result: NOTE
    Namespaces in Imports field not imported from:
     ‘doParallel’ ‘foreach’ ‘spgwr’
     All declared Imports should be used.
Flavors: r-devel-linux-x86_64-fedora-clang, r-devel-linux-x86_64-fedora-gcc, r-patched-solaris-x86, r-release-osx-x86_64, r-oldrel-osx-x86_64