CRAN Package Check Results for Package GWASinspector

Last updated on 2020-02-21 17:47:47 CET.

Flavor Version Tinstall Tcheck Ttotal Status Flags
r-devel-linux-x86_64-debian-clang 1.4.3 14.35 101.16 115.51 OK
r-devel-linux-x86_64-debian-gcc 1.4.3 13.82 77.13 90.95 OK
r-devel-linux-x86_64-fedora-clang 1.4.3 85.07 OK
r-devel-linux-x86_64-fedora-gcc 1.4.3 72.29 OK
r-devel-windows-ix86+x86_64 1.4.2 28.00 96.00 124.00 OK
r-devel-windows-ix86+x86_64-gcc8 1.4.3 45.00 129.00 174.00 OK
r-patched-linux-x86_64 1.4.3 13.65 89.59 103.24 OK
r-patched-solaris-x86 1.4.3 155.10 OK
r-release-linux-x86_64 1.4.3 13.37 88.24 101.61 OK
r-release-windows-ix86+x86_64 1.4.3 23.00 98.00 121.00 OK
r-release-osx-x86_64 1.4.3 OK
r-oldrel-windows-ix86+x86_64 1.4.3 5.00 7.00 12.00 ERROR
r-oldrel-osx-x86_64 1.4.3 OK

Check Details

Version: 1.4.3
Check: whether package can be installed
Result: ERROR
    Installation failed.
Flavor: r-oldrel-windows-ix86+x86_64