CRAN Package Check Results for Package GRPtests

Last updated on 2020-02-28 22:53:34 CET.

Flavor Version Tinstall Tcheck Ttotal Status Flags
r-devel-linux-x86_64-debian-clang 0.1.0 8.44 62.73 71.17 OK
r-devel-linux-x86_64-debian-gcc 0.1.0 7.31 49.15 56.46 OK
r-devel-linux-x86_64-fedora-clang 0.1.0 91.15 NOTE
r-devel-linux-x86_64-fedora-gcc 0.1.0 83.28 NOTE
r-devel-windows-ix86+x86_64 0.1.0 22.00 97.00 119.00 OK
r-devel-windows-ix86+x86_64-gcc8 0.1.0 14.00 72.00 86.00 OK
r-patched-linux-x86_64 0.1.0 6.50 55.61 62.11 OK
r-patched-solaris-x86 0.1.0 122.90 NOTE
r-release-linux-x86_64 0.1.0 5.70 55.32 61.02 OK
r-release-windows-ix86+x86_64 0.1.0 11.00 92.00 103.00 OK
r-release-osx-x86_64 0.1.0 NOTE
r-oldrel-windows-ix86+x86_64 0.1.0 6.00 70.00 76.00 OK
r-oldrel-osx-x86_64 0.1.0 NOTE

Check Details

Version: 0.1.0
Check: dependencies in R code
Result: NOTE
    Namespace in Imports field not imported from: ‘MASS’
     All declared Imports should be used.
Flavors: r-devel-linux-x86_64-fedora-clang, r-devel-linux-x86_64-fedora-gcc, r-patched-solaris-x86, r-release-osx-x86_64, r-oldrel-osx-x86_64