CRAN Package Check Results for Package GRPtests

Last updated on 2021-04-15 09:50:01 CEST.

Flavor Version Tinstall Tcheck Ttotal Status Flags
r-devel-linux-x86_64-debian-clang 0.1.2 7.82 73.30 81.12 NOTE
r-devel-linux-x86_64-debian-gcc 0.1.2 6.18 56.15 62.33 NOTE
r-devel-linux-x86_64-fedora-clang 0.1.2 106.27 NOTE
r-devel-linux-x86_64-fedora-gcc 0.1.2 95.13 NOTE
r-devel-windows-ix86+x86_64 0.1.2 17.00 92.00 109.00 NOTE
r-devel-windows-x86_64-gcc10-UCRT 0.1.2 NOTE
r-patched-linux-x86_64 0.1.2 7.85 68.79 76.64 OK
r-patched-solaris-x86 0.1.2 146.30 NOTE
r-release-linux-x86_64 0.1.2 6.53 70.25 76.78 OK
r-release-macos-x86_64 0.1.2 NOTE
r-release-windows-ix86+x86_64 0.1.2 14.00 92.00 106.00 OK
r-oldrel-macos-x86_64 0.1.2 NOTE
r-oldrel-windows-ix86+x86_64 0.1.2 16.00 63.00 79.00 OK

Check Details

Version: 0.1.2
Check: LazyData
Result: NOTE
     'LazyData' is specified without a 'data' directory
Flavors: r-devel-linux-x86_64-debian-clang, r-devel-linux-x86_64-debian-gcc, r-devel-linux-x86_64-fedora-clang, r-devel-linux-x86_64-fedora-gcc, r-devel-windows-ix86+x86_64, r-devel-windows-x86_64-gcc10-UCRT

Version: 0.1.2
Check: dependencies in R code
Result: NOTE
    Namespace in Imports field not imported from: ‘MASS’
     All declared Imports should be used.
Flavors: r-devel-linux-x86_64-fedora-clang, r-devel-linux-x86_64-fedora-gcc, r-devel-windows-x86_64-gcc10-UCRT, r-patched-solaris-x86, r-release-macos-x86_64, r-oldrel-macos-x86_64