CRAN Package Check Results for Package GPvecchia

Last updated on 2021-04-15 09:50:00 CEST.

Flavor Version Tinstall Tcheck Ttotal Status Flags
r-devel-linux-x86_64-debian-clang 0.1.3 142.77 71.55 214.32 OK
r-devel-linux-x86_64-debian-gcc 0.1.3 90.76 45.71 136.47 OK
r-devel-linux-x86_64-fedora-clang 0.1.3 299.76 NOTE
r-devel-linux-x86_64-fedora-gcc 0.1.3 254.28 OK
r-devel-windows-ix86+x86_64 0.1.3 333.00 113.00 446.00 OK
r-devel-windows-x86_64-gcc10-UCRT 0.1.3 OK
r-patched-linux-x86_64 0.1.3 111.07 57.62 168.69 OK
r-patched-solaris-x86 0.1.3 254.30 OK
r-release-linux-x86_64 0.1.3 115.00 57.20 172.20 OK
r-release-macos-x86_64 0.1.3 NOTE
r-release-windows-ix86+x86_64 0.1.3 330.00 114.00 444.00 OK
r-oldrel-macos-x86_64 0.1.3 NOTE
r-oldrel-windows-ix86+x86_64 0.1.3 289.00 77.00 366.00 OK

Check Details

Version: 0.1.3
Check: installed package size
Result: NOTE
     installed size is 6.1Mb
     sub-directories of 1Mb or more:
     libs 5.6Mb
Flavors: r-devel-linux-x86_64-fedora-clang, r-release-macos-x86_64, r-oldrel-macos-x86_64