CRAN Package Check Results for Package GPareto

Last updated on 2021-04-15 09:50:00 CEST.

Flavor Version Tinstall Tcheck Ttotal Status Flags
r-devel-linux-x86_64-debian-clang 1.1.4.1 41.96 145.74 187.70 OK --no-vignettes
r-devel-linux-x86_64-debian-gcc 1.1.4.1 28.60 109.16 137.76 OK --no-vignettes
r-devel-linux-x86_64-fedora-clang 1.1.4.1 238.98 NOTE --no-vignettes
r-devel-linux-x86_64-fedora-gcc 1.1.4.1 222.96 OK --no-vignettes
r-devel-windows-ix86+x86_64 1.1.4.1 92.00 228.00 320.00 OK --no-vignettes
r-devel-windows-x86_64-gcc10-UCRT 1.1.4.1 WARN
r-patched-linux-x86_64 1.1.4.1 33.25 135.94 169.19 OK --no-vignettes
r-patched-solaris-x86 1.1.4.1 273.40 OK --no-vignettes
r-release-linux-x86_64 1.1.4.1 36.25 137.41 173.66 OK --no-vignettes
r-release-macos-x86_64 1.1.4.1 OK
r-oldrel-macos-x86_64 1.1.4.1 WARN
r-oldrel-windows-ix86+x86_64 1.1.4.1 60.00 171.00 231.00 OK --no-vignettes

Check Details

Version: 1.1.4.1
Flags: --no-vignettes
Check: Rd cross-references
Result: NOTE
    Undeclared package ‘DiceOptim’ in Rd xrefs
Flavor: r-devel-linux-x86_64-fedora-clang

Version: 1.1.4.1
Check: re-building of vignette outputs
Result: WARN
    Error(s) in re-building vignettes:
     ...
    --- re-building 'GPareto_vignette.Rnw' using knitr
    Quitting from lines 1029-1034 (GPareto_vignette.Rnw)
    Error: processing vignette 'GPareto_vignette.Rnw' failed with diagnostics:
    pixmap save format not supported in this build
    --- failed re-building 'GPareto_vignette.Rnw'
    
    SUMMARY: processing the following file failed:
     'GPareto_vignette.Rnw'
    
    Error: Vignette re-building failed.
    Execution halted
Flavor: r-devel-windows-x86_64-gcc10-UCRT

Version: 1.1.4.1
Check: whether package can be installed
Result: WARN
    Found the following significant warnings:
     Warning: 'rgl.init' failed, running with 'rgl.useNULL = TRUE'.
Flavor: r-oldrel-macos-x86_64