CRAN Package Check Results for Package GMDH2

Last updated on 2021-04-15 09:50:00 CEST.

Flavor Version Tinstall Tcheck Ttotal Status Flags
r-devel-linux-x86_64-debian-clang 1.5 12.99 107.22 120.21 OK
r-devel-linux-x86_64-debian-gcc 1.5 9.07 78.91 87.98 OK
r-devel-linux-x86_64-fedora-clang 1.5 147.81 NOTE
r-devel-linux-x86_64-fedora-gcc 1.5 136.30 OK
r-devel-windows-ix86+x86_64 1.5 30.00 126.00 156.00 OK
r-devel-windows-x86_64-gcc10-UCRT 1.5 OK
r-patched-linux-x86_64 1.5 9.98 98.52 108.50 OK
r-patched-solaris-x86 1.5 198.70 OK
r-release-linux-x86_64 1.5 10.26 99.72 109.98 OK
r-release-macos-x86_64 1.5 OK
r-release-windows-ix86+x86_64 1.5 29.00 135.00 164.00 OK
r-oldrel-macos-x86_64 1.5 OK
r-oldrel-windows-ix86+x86_64 1.5 16.00 89.00 105.00 OK

Check Details

Version: 1.5
Check: Rd cross-references
Result: NOTE
    Undeclared package ‘caret’ in Rd xrefs
Flavor: r-devel-linux-x86_64-fedora-clang