CRAN Package Check Results for Package GLIDE

Last updated on 2020-03-30 20:48:29 CEST.

Flavor Version Tinstall Tcheck Ttotal Status Flags
r-devel-linux-x86_64-debian-clang 1.0.2 4.19 29.35 33.54 OK
r-devel-linux-x86_64-debian-gcc 1.0.2 2.83 23.69 26.52 OK
r-devel-linux-x86_64-fedora-clang 1.0.2 43.04 NOTE
r-devel-linux-x86_64-fedora-gcc 1.0.2 41.27 NOTE
r-devel-windows-ix86+x86_64 1.0.2 10.00 53.00 63.00 OK
r-devel-windows-ix86+x86_64-gcc8 1.0.2 10.00 56.00 66.00 OK
r-patched-linux-x86_64 1.0.2 2.84 28.98 31.82 OK
r-patched-solaris-x86 1.0.2 61.80 OK
r-release-linux-x86_64 1.0.2 3.11 27.13 30.24 OK
r-release-windows-ix86+x86_64 1.0.2 13.00 75.00 88.00 OK
r-release-osx-x86_64 1.0.2 OK
r-oldrel-windows-ix86+x86_64 1.0.2 11.00 76.00 87.00 OK
r-oldrel-osx-x86_64 1.0.2 OK

Check Details

Version: 1.0.2
Check: compiled code
Result: NOTE
    File ‘GLIDE/libs/GLIDE.so’:
     Found no calls to: ‘R_registerRoutines’, ‘R_useDynamicSymbols’
    
    It is good practice to register native routines and to disable symbol
    search.
    
    See ‘Writing portable packages’ in the ‘Writing R Extensions’ manual.
Flavors: r-devel-linux-x86_64-fedora-clang, r-devel-linux-x86_64-fedora-gcc