CRAN Package Check Results for Package GIFTr

Last updated on 2021-06-22 09:51:37 CEST.

Flavor Version Tinstall Tcheck Ttotal Status Flags
r-devel-linux-x86_64-debian-clang 0.1.0 2.84 29.75 32.59 OK
r-devel-linux-x86_64-debian-gcc 0.1.0 2.19 23.55 25.74 OK
r-devel-linux-x86_64-fedora-clang 0.1.0 48.00 OK
r-devel-linux-x86_64-fedora-gcc 0.1.0 38.05 OK
r-devel-windows-x86_64 0.1.0 6.00 46.00 52.00 OK
r-devel-windows-x86_64-gcc10-UCRT 0.1.0 WARN
r-patched-linux-x86_64 0.1.0 2.88 29.08 31.96 OK
r-patched-solaris-x86 0.1.0 58.70 OK
r-release-linux-x86_64 0.1.0 2.79 28.92 31.71 OK
r-release-macos-arm64 0.1.0 OK
r-release-macos-x86_64 0.1.0 OK
r-release-windows-ix86+x86_64 0.1.0 6.00 47.00 53.00 OK
r-oldrel-macos-x86_64 0.1.0 OK

Check Details

Version: 0.1.0
Check: package dependencies
Result: NOTE
    Package suggested but not available for checking: 'kableExtra'
Flavor: r-devel-windows-x86_64-gcc10-UCRT

Version: 0.1.0
Check: re-building of vignette outputs
Result: WARN
    Error(s) in re-building vignettes:
     ...
    --- re-building 'GIFTr_tutorial.Rmd' using rmarkdown
    Quitting from lines 34-39 (GIFTr_tutorial.Rmd)
    Error: processing vignette 'GIFTr_tutorial.Rmd' failed with diagnostics:
    there is no package called 'kableExtra'
    --- failed re-building 'GIFTr_tutorial.Rmd'
    
    SUMMARY: processing the following file failed:
     'GIFTr_tutorial.Rmd'
    
    Error: Vignette re-building failed.
    Execution halted
Flavor: r-devel-windows-x86_64-gcc10-UCRT