CRAN Package Check Results for Package GENMETA

Last updated on 2021-04-15 09:49:59 CEST.

Flavor Version Tinstall Tcheck Ttotal Status Flags
r-devel-linux-x86_64-debian-clang 0.1 9.34 65.14 74.48 NOTE
r-devel-linux-x86_64-debian-gcc 0.1 6.97 49.69 56.66 NOTE
r-devel-linux-x86_64-fedora-clang 0.1 96.42 NOTE
r-devel-linux-x86_64-fedora-gcc 0.1 87.12 NOTE
r-devel-windows-ix86+x86_64 0.1 17.00 85.00 102.00 NOTE
r-devel-windows-x86_64-gcc10-UCRT 0.1 NOTE
r-patched-linux-x86_64 0.1 8.04 59.82 67.86 OK
r-patched-solaris-x86 0.1 123.30 OK
r-release-linux-x86_64 0.1 8.59 59.54 68.13 OK
r-release-macos-x86_64 0.1 OK
r-release-windows-ix86+x86_64 0.1 16.00 92.00 108.00 OK
r-oldrel-macos-x86_64 0.1 OK
r-oldrel-windows-ix86+x86_64 0.1 15.00 59.00 74.00 OK

Check Details

Version: 0.1
Check: LazyData
Result: NOTE
     'LazyData' is specified without a 'data' directory
Flavors: r-devel-linux-x86_64-debian-clang, r-devel-linux-x86_64-debian-gcc, r-devel-linux-x86_64-fedora-clang, r-devel-linux-x86_64-fedora-gcc, r-devel-windows-ix86+x86_64, r-devel-windows-x86_64-gcc10-UCRT