CRAN Package Check Results for Package GENEAread

Last updated on 2021-04-15 09:49:59 CEST.

Flavor Version Tinstall Tcheck Ttotal Status Flags
r-devel-linux-x86_64-debian-clang 2.0.9 5.78 39.99 45.77 NOTE
r-devel-linux-x86_64-debian-gcc 2.0.9 4.85 30.70 35.55 NOTE
r-devel-linux-x86_64-fedora-clang 2.0.9 66.11 NOTE
r-devel-linux-x86_64-fedora-gcc 2.0.9 55.04 NOTE
r-devel-windows-ix86+x86_64 2.0.9 11.00 57.00 68.00 NOTE
r-devel-windows-x86_64-gcc10-UCRT 2.0.9 NOTE
r-patched-linux-x86_64 2.0.9 5.67 38.09 43.76 OK
r-patched-solaris-x86 2.0.9 73.90 OK
r-release-linux-x86_64 2.0.9 6.00 38.16 44.16 OK
r-release-macos-x86_64 2.0.9 OK
r-release-windows-ix86+x86_64 2.0.9 11.00 60.00 71.00 OK
r-oldrel-macos-x86_64 2.0.9 OK
r-oldrel-windows-ix86+x86_64 2.0.9 9.00 39.00 48.00 OK

Check Details

Version: 2.0.9
Check: LazyData
Result: NOTE
     'LazyData' is specified without a 'data' directory
Flavors: r-devel-linux-x86_64-debian-clang, r-devel-linux-x86_64-debian-gcc, r-devel-linux-x86_64-fedora-clang, r-devel-linux-x86_64-fedora-gcc, r-devel-windows-ix86+x86_64, r-devel-windows-x86_64-gcc10-UCRT