CRAN Package Check Results for Package GENEAclassify

Last updated on 2021-04-15 09:49:59 CEST.

Flavor Version Tinstall Tcheck Ttotal Status Flags
r-devel-linux-x86_64-debian-clang 1.5.2 6.81 46.98 53.79 OK
r-devel-linux-x86_64-debian-gcc 1.5.2 5.33 36.47 41.80 OK
r-devel-linux-x86_64-fedora-clang 1.5.2 72.98 NOTE
r-devel-linux-x86_64-fedora-gcc 1.5.2 64.39 OK
r-devel-windows-ix86+x86_64 1.5.2 11.00 73.00 84.00 OK
r-devel-windows-x86_64-gcc10-UCRT 1.5.2 OK
r-patched-linux-x86_64 1.5.2 6.47 44.82 51.29 OK
r-patched-solaris-x86 1.5.2 91.00 OK
r-release-linux-x86_64 1.5.2 6.82 45.01 51.83 OK
r-release-macos-x86_64 1.5.2 OK
r-release-windows-ix86+x86_64 1.5.2 11.00 80.00 91.00 OK
r-oldrel-macos-x86_64 1.5.2 OK
r-oldrel-windows-ix86+x86_64 1.5.2 12.00 49.00 61.00 OK

Check Details

Version: 1.5.2
Check: Rd cross-references
Result: NOTE
    Undeclared package ‘mmap’ in Rd xrefs
Flavor: r-devel-linux-x86_64-fedora-clang