CRAN Package Check Results for Package GDINA

Last updated on 2021-04-15 09:49:59 CEST.

Flavor Version Tinstall Tcheck Ttotal Status Flags
r-devel-linux-x86_64-debian-clang 2.8.0 257.10 108.79 365.89 OK
r-devel-linux-x86_64-debian-gcc 2.8.0 170.46 81.25 251.71 OK
r-devel-linux-x86_64-fedora-clang 2.8.0 500.71 NOTE
r-devel-linux-x86_64-fedora-gcc 2.8.0 453.38 OK
r-devel-windows-ix86+x86_64 2.8.0 603.00 180.00 783.00 OK
r-devel-windows-x86_64-gcc10-UCRT 2.8.0 OK
r-patched-linux-x86_64 2.8.0 203.04 99.20 302.24 OK
r-patched-solaris-x86 2.8.0 427.70 OK
r-release-linux-x86_64 2.8.0 204.42 100.19 304.61 OK
r-release-macos-x86_64 2.8.0 NOTE
r-release-windows-ix86+x86_64 2.8.0 507.00 185.00 692.00 OK
r-oldrel-macos-x86_64 2.8.0 NOTE
r-oldrel-windows-ix86+x86_64 2.8.0 522.00 118.00 640.00 OK

Check Details

Version: 2.8.0
Check: installed package size
Result: NOTE
     installed size is 15.0Mb
     sub-directories of 1Mb or more:
     libs 14.0Mb
Flavors: r-devel-linux-x86_64-fedora-clang, r-release-macos-x86_64, r-oldrel-macos-x86_64