CRAN Package Check Results for Package FuzzyAHP

Last updated on 2021-04-15 09:49:59 CEST.

Flavor Version Tinstall Tcheck Ttotal Status Flags
r-devel-linux-x86_64-debian-clang 0.9.5 6.20 36.47 42.67 NOTE
r-devel-linux-x86_64-debian-gcc 0.9.5 5.36 28.59 33.95 NOTE
r-devel-linux-x86_64-fedora-clang 0.9.5 61.68 NOTE
r-devel-linux-x86_64-fedora-gcc 0.9.5 54.58 NOTE
r-devel-windows-ix86+x86_64 0.9.5 12.00 57.00 69.00 NOTE
r-devel-windows-x86_64-gcc10-UCRT 0.9.5 NOTE
r-patched-linux-x86_64 0.9.5 5.95 35.21 41.16 OK
r-patched-solaris-x86 0.9.5 75.60 OK
r-release-linux-x86_64 0.9.5 5.67 35.40 41.07 OK
r-release-macos-x86_64 0.9.5 OK
r-release-windows-ix86+x86_64 0.9.5 11.00 69.00 80.00 OK
r-oldrel-macos-x86_64 0.9.5 OK
r-oldrel-windows-ix86+x86_64 0.9.5 11.00 38.00 49.00 OK

Check Details

Version: 0.9.5
Check: LazyData
Result: NOTE
     'LazyData' is specified without a 'data' directory
Flavors: r-devel-linux-x86_64-debian-clang, r-devel-linux-x86_64-debian-gcc, r-devel-linux-x86_64-fedora-clang, r-devel-linux-x86_64-fedora-gcc, r-devel-windows-ix86+x86_64, r-devel-windows-x86_64-gcc10-UCRT