CRAN Package Check Results for Package FunChisq

Last updated on 2021-04-15 09:49:59 CEST.

Flavor Version Tinstall Tcheck Ttotal Status Flags
r-devel-linux-x86_64-debian-clang 2.5.1 53.25 46.75 100.00 NOTE
r-devel-linux-x86_64-debian-gcc 2.5.1 36.38 36.18 72.56 NOTE
r-devel-linux-x86_64-fedora-clang 2.5.1 149.42 NOTE
r-devel-linux-x86_64-fedora-gcc 2.5.1 124.30 NOTE
r-devel-windows-ix86+x86_64 2.5.1 114.00 98.00 212.00 NOTE
r-devel-windows-x86_64-gcc10-UCRT 2.5.1 NOTE
r-patched-linux-x86_64 2.5.1 41.96 43.72 85.68 OK
r-patched-solaris-x86 2.5.1 136.30 OK
r-release-linux-x86_64 2.5.1 43.94 44.61 88.55 OK
r-release-macos-x86_64 2.5.1 OK
r-release-windows-ix86+x86_64 2.5.1 111.00 107.00 218.00 OK
r-oldrel-macos-x86_64 2.5.1 OK
r-oldrel-windows-ix86+x86_64 2.5.1 127.00 70.00 197.00 OK

Check Details

Version: 2.5.1
Check: LazyData
Result: NOTE
     'LazyData' is specified without a 'data' directory
Flavors: r-devel-linux-x86_64-debian-clang, r-devel-linux-x86_64-debian-gcc, r-devel-linux-x86_64-fedora-clang, r-devel-linux-x86_64-fedora-gcc, r-devel-windows-ix86+x86_64, r-devel-windows-x86_64-gcc10-UCRT