CRAN Package Check Results for Package FlexGAM

Last updated on 2021-04-15 09:49:59 CEST.

Flavor Version Tinstall Tcheck Ttotal Status Flags
r-devel-linux-x86_64-debian-clang 0.7.2 8.48 77.22 85.70 NOTE
r-devel-linux-x86_64-debian-gcc 0.7.2 7.93 59.28 67.21 NOTE
r-devel-linux-x86_64-fedora-clang 0.7.2 113.75 NOTE
r-devel-linux-x86_64-fedora-gcc 0.7.2 104.43 NOTE
r-devel-windows-ix86+x86_64 0.7.2 20.00 96.00 116.00 NOTE
r-devel-windows-x86_64-gcc10-UCRT 0.7.2 NOTE
r-patched-linux-x86_64 0.7.2 9.32 71.34 80.66 OK
r-patched-solaris-x86 0.7.2 144.40 OK
r-release-linux-x86_64 0.7.2 8.79 71.80 80.59 OK
r-release-macos-x86_64 0.7.2 OK
r-release-windows-ix86+x86_64 0.7.2 23.00 108.00 131.00 OK
r-oldrel-macos-x86_64 0.7.2 OK
r-oldrel-windows-ix86+x86_64 0.7.2 17.00 69.00 86.00 OK

Check Details

Version: 0.7.2
Check: LazyData
Result: NOTE
     'LazyData' is specified without a 'data' directory
Flavors: r-devel-linux-x86_64-debian-clang, r-devel-linux-x86_64-debian-gcc, r-devel-linux-x86_64-fedora-clang, r-devel-linux-x86_64-fedora-gcc, r-devel-windows-ix86+x86_64, r-devel-windows-x86_64-gcc10-UCRT