CRAN Package Check Results for Package FixedPoint

Last updated on 2021-04-15 09:49:59 CEST.

Flavor Version Tinstall Tcheck Ttotal Status Flags
r-devel-linux-x86_64-debian-clang 0.6.1 2.95 277.75 280.70 NOTE
r-devel-linux-x86_64-debian-gcc 0.6.1 2.31 180.21 182.52 NOTE
r-devel-linux-x86_64-fedora-clang 0.6.1 322.30 NOTE
r-devel-linux-x86_64-fedora-gcc 0.6.1 331.86 NOTE
r-devel-windows-ix86+x86_64 0.6.1 7.00 260.00 267.00 NOTE
r-devel-windows-x86_64-gcc10-UCRT 0.6.1 NOTE
r-patched-linux-x86_64 0.6.1 2.72 259.08 261.80 OK
r-patched-solaris-x86 0.6.1 347.60 OK
r-release-linux-x86_64 0.6.1 2.96 260.45 263.41 OK
r-release-macos-x86_64 0.6.1 OK
r-release-windows-ix86+x86_64 0.6.1 5.00 264.00 269.00 OK
r-oldrel-macos-x86_64 0.6.1 OK
r-oldrel-windows-ix86+x86_64 0.6.1 5.00 160.00 165.00 OK

Check Details

Version: 0.6.1
Check: LazyData
Result: NOTE
     'LazyData' is specified without a 'data' directory
Flavors: r-devel-linux-x86_64-debian-clang, r-devel-linux-x86_64-debian-gcc, r-devel-linux-x86_64-fedora-clang, r-devel-linux-x86_64-fedora-gcc, r-devel-windows-ix86+x86_64, r-devel-windows-x86_64-gcc10-UCRT