CRAN Package Check Results for Package FiRE

Last updated on 2021-04-15 09:49:59 CEST.

Flavor Version Tinstall Tcheck Ttotal Status Flags
r-devel-linux-x86_64-debian-clang 1.0 29.53 33.91 63.44 WARN
r-devel-linux-x86_64-debian-gcc 1.0 20.55 27.68 48.23 WARN
r-devel-linux-x86_64-fedora-clang 1.0 94.67 WARN
r-devel-linux-x86_64-fedora-gcc 1.0 78.80 WARN
r-devel-windows-ix86+x86_64 1.0 67.00 79.00 146.00 WARN
r-devel-windows-x86_64-gcc10-UCRT 1.0 WARN
r-patched-linux-x86_64 1.0 23.45 33.26 56.71 OK
r-patched-solaris-x86 1.0 104.50 NOTE
r-release-linux-x86_64 1.0 24.00 34.07 58.07 OK
r-release-macos-x86_64 1.0 NOTE
r-release-windows-ix86+x86_64 1.0 57.00 81.00 138.00 NOTE
r-oldrel-macos-x86_64 1.0 NOTE
r-oldrel-windows-ix86+x86_64 1.0 62.00 56.00 118.00 NOTE

Check Details

Version: 1.0
Check: LazyData
Result: WARN
     LazyData DB of 5.3 MB without LazyDataCompression set
     See ยง1.1.6 of 'Writing R Extensions'
Flavors: r-devel-linux-x86_64-debian-clang, r-devel-linux-x86_64-debian-gcc, r-devel-linux-x86_64-fedora-clang, r-devel-linux-x86_64-fedora-gcc, r-devel-windows-ix86+x86_64, r-devel-windows-x86_64-gcc10-UCRT

Version: 1.0
Check: installed package size
Result: NOTE
     installed size is 7.8Mb
     sub-directories of 1Mb or more:
     data 5.4Mb
     libs 2.3Mb
Flavors: r-devel-linux-x86_64-fedora-clang, r-devel-windows-ix86+x86_64, r-patched-solaris-x86, r-release-macos-x86_64, r-release-windows-ix86+x86_64, r-oldrel-macos-x86_64, r-oldrel-windows-ix86+x86_64