CRAN Package Check Results for Package FeatureHashing

Last updated on 2020-07-06 21:50:17 CEST.

Flavor Version Tinstall Tcheck Ttotal Status Flags
r-devel-linux-x86_64-debian-clang 0.9.1.4 79.84 114.22 194.06 OK
r-devel-linux-x86_64-debian-gcc 0.9.1.4 61.93 91.58 153.51 OK
r-devel-linux-x86_64-fedora-clang 0.9.1.4 265.94 NOTE
r-devel-linux-x86_64-fedora-gcc 0.9.1.4 245.24 OK
r-devel-windows-ix86+x86_64 0.9.1.4 199.00 254.00 453.00 OK
r-patched-linux-x86_64 0.9.1.4 61.26 112.67 173.93 OK
r-patched-solaris-x86 0.9.1.4 297.60 OK
r-release-linux-x86_64 0.9.1.4 59.55 112.44 171.99 OK
r-release-osx-x86_64 0.9.1.4 OK
r-release-windows-ix86+x86_64 0.9.1.4 150.00 179.00 329.00 OK
r-oldrel-osx-x86_64 0.9.1.4 ERROR
r-oldrel-windows-ix86+x86_64 0.9.1.4 153.00 262.00 415.00 OK

Check Details

Version: 0.9.1.4
Check: installed package size
Result: NOTE
     installed size is 5.4Mb
     sub-directories of 1Mb or more:
     libs 4.7Mb
Flavor: r-devel-linux-x86_64-fedora-clang

Version: 0.9.1.4
Check: tests
Result: ERROR
     Running ‘test-as-dgCMatrix.R’ [2s/2s]
     Running ‘test-empty_array.R’ [2s/2s]
     Running ‘test-existence_collision.R’ [2s/2s]
     Running ‘test-hash.mapping.R’ [2s/2s]
     Running ‘test-hashing.R’ [2s/2s]
    Running the tests in ‘tests/test-hashing.R’ failed.
    Last 13 lines of output:
     + if (class(e)[1] != "std::invalid_argument") stop(e)
     + if (conditionMessage(e) != "Failed to find the column:PlAnT") stop(e)
     + })
     +
     + m <- hashed.model.matrix(~ Plant:Type:Treatment, CO2, create.mapping = TRUE, signed.hash = TRUE)
     + map <- hash.mapping(m)
     + map <- map[grepl("\\w+:\\w+:\\w+", names(map))]
     + checkTrue(all(hashed.interaction.value(names(map)) %% (2^18) + 1== map),
     + "The hashed.interaction.value gives inconsistent result of hashed.model.matrix")
     + }
     Loading required package: RUnit
     Error in .hashed.model.matrix.dataframe(tf, data, hash.size, transpose, :
     c++ exception (unknown reason)
     Calls: tryCatch -> tryCatchList -> tryCatchOne -> <Anonymous>
     Execution halted
Flavor: r-oldrel-osx-x86_64