CRAN Package Check Results for Package FastHCS

Last updated on 2020-03-30 20:48:27 CEST.

Flavor Version Tinstall Tcheck Ttotal Status Flags
r-devel-linux-x86_64-debian-clang 0.0.6 39.72 27.93 67.65 NOTE
r-devel-linux-x86_64-debian-gcc 0.0.6 33.14 23.83 56.97 NOTE
r-devel-linux-x86_64-fedora-clang 0.0.6 100.24 NOTE
r-devel-linux-x86_64-fedora-gcc 0.0.6 94.43 NOTE
r-devel-windows-ix86+x86_64 0.0.6 59.00 60.00 119.00 OK
r-devel-windows-ix86+x86_64-gcc8 0.0.6 63.00 62.00 125.00 OK
r-patched-linux-x86_64 0.0.6 41.03 29.27 70.30 NOTE
r-patched-solaris-x86 0.0.6 90.60 OK
r-release-linux-x86_64 0.0.6 37.19 26.65 63.84 NOTE
r-release-windows-ix86+x86_64 0.0.6 79.00 87.00 166.00 OK
r-release-osx-x86_64 0.0.6 NOTE
r-oldrel-windows-ix86+x86_64 0.0.6 81.00 88.00 169.00 OK
r-oldrel-osx-x86_64 0.0.6 NOTE

Check Details

Version: 0.0.6
Check: use of SHLIB_OPENMP_*FLAGS in Makefiles
Result: NOTE
     src/Makevars: SHLIB_OPENMP_CXXFLAGS is included in PKG_LIBS but not in PKG_CXXFLAGS
     src/Makevars: it is not portable to include SHLIB_OPENMP_*' macros in PKG_CPPFLAGS
    Use of these macros is discussed in sect 1.2.1.1 of 'Writing R
    Extensions'. The macros for different languages may differ so the
    matching macro must be used in PKG_CXXFLAGS (etc) and match that used
    in PKG_LIBS (except for Fortran: see the manual).
    PKG_CPPFLAGS is used for both C and C++ code so it is not portable to
    use it for these macros.
Flavors: r-devel-linux-x86_64-debian-clang, r-devel-linux-x86_64-debian-gcc, r-devel-linux-x86_64-fedora-clang, r-devel-linux-x86_64-fedora-gcc, r-patched-linux-x86_64, r-release-linux-x86_64

Version: 0.0.6
Check: installed package size
Result: NOTE
     installed size is 16.9Mb
     sub-directories of 1Mb or more:
     data 1.3Mb
     libs 15.5Mb
Flavors: r-devel-linux-x86_64-fedora-clang, r-release-osx-x86_64, r-oldrel-osx-x86_64