CRAN Package Check Results for Package FSinR

Last updated on 2020-03-30 20:48:28 CEST.

Flavor Version Tinstall Tcheck Ttotal Status Flags
r-devel-linux-x86_64-debian-clang 1.0.8 19.37 317.88 337.25 OK
r-devel-linux-x86_64-debian-gcc 1.0.8 15.61 238.94 254.55 OK
r-devel-linux-x86_64-fedora-clang 1.0.8 401.48 NOTE
r-devel-linux-x86_64-fedora-gcc 1.0.8 386.09 NOTE
r-devel-windows-ix86+x86_64 1.0.8 33.00 292.00 325.00 OK
r-devel-windows-ix86+x86_64-gcc8 1.0.8 34.00 301.00 335.00 OK
r-patched-linux-x86_64 1.0.8 14.96 306.15 321.11 OK
r-patched-solaris-x86 1.0.8 501.80 NOTE
r-release-linux-x86_64 1.0.8 14.48 280.44 294.92 OK
r-release-windows-ix86+x86_64 1.0.8 33.00 405.00 438.00 OK
r-release-osx-x86_64 1.0.8 NOTE
r-oldrel-windows-ix86+x86_64 1.0.8 49.00 408.00 457.00 OK
r-oldrel-osx-x86_64 1.0.8 NOTE

Check Details

Version: 1.0.8
Check: dependencies in R code
Result: NOTE
    Namespaces in Imports field not imported from:
     ‘class’ ‘mlbench’ ‘neuralnet’ ‘rpart’
     All declared Imports should be used.
Flavors: r-devel-linux-x86_64-fedora-clang, r-devel-linux-x86_64-fedora-gcc, r-patched-solaris-x86, r-release-osx-x86_64, r-oldrel-osx-x86_64