CRAN Package Check Results for Package FSelectorRcpp

Last updated on 2020-03-30 20:48:28 CEST.

Flavor Version Tinstall Tcheck Ttotal Status Flags
r-devel-linux-x86_64-debian-clang 0.3.3 104.45 60.79 165.24 OK
r-devel-linux-x86_64-debian-gcc 0.3.3 72.41 47.02 119.43 OK
r-devel-linux-x86_64-fedora-clang 0.3.3 239.81 NOTE
r-devel-linux-x86_64-fedora-gcc 0.3.3 216.56 OK
r-devel-windows-ix86+x86_64 0.3.3 165.00 99.00 264.00 OK
r-devel-windows-ix86+x86_64-gcc8 0.3.3 201.00 100.00 301.00 OK
r-patched-linux-x86_64 0.3.3 81.23 58.92 140.15 OK
r-patched-solaris-x86 0.3.3 171.80 NOTE
r-release-linux-x86_64 0.3.3 82.76 55.08 137.84 OK
r-release-windows-ix86+x86_64 0.3.3 259.00 139.00 398.00 OK
r-release-osx-x86_64 0.3.3 NOTE
r-oldrel-windows-ix86+x86_64 0.3.3 258.00 128.00 386.00 OK
r-oldrel-osx-x86_64 0.3.3 NOTE

Check Details

Version: 0.3.3
Check: installed package size
Result: NOTE
     installed size is 11.4Mb
     sub-directories of 1Mb or more:
     libs 11.0Mb
Flavors: r-devel-linux-x86_64-fedora-clang, r-release-osx-x86_64, r-oldrel-osx-x86_64

Version: 0.3.3
Check: package dependencies
Result: NOTE
    Packages suggested but not available for checking: 'RWeka', 'FSelector'
Flavor: r-patched-solaris-x86

Version: 0.3.3
Check: Rd cross-references
Result: NOTE
    Package unavailable to check Rd xrefs: ‘FSelector’
Flavor: r-patched-solaris-x86

Version: 0.3.3
Check: package dependencies
Result: NOTE
    Package suggested but not available for checking: ‘RTCGA.rnaseq’
Flavors: r-release-osx-x86_64, r-oldrel-osx-x86_64