CRAN Package Check Results for Package FSK2R

Last updated on 2021-04-15 09:49:59 CEST.

Flavor Version Tinstall Tcheck Ttotal Status Flags
r-devel-linux-x86_64-debian-clang 0.1.2 8.73 82.58 91.31 NOTE
r-devel-linux-x86_64-debian-gcc 0.1.2 6.64 61.80 68.44 NOTE
r-devel-linux-x86_64-fedora-clang 0.1.2 116.54 NOTE
r-devel-linux-x86_64-fedora-gcc 0.1.2 104.36 NOTE
r-devel-windows-ix86+x86_64 0.1.2 22.00 105.00 127.00 NOTE
r-devel-windows-x86_64-gcc10-UCRT 0.1.2 NOTE
r-patched-linux-x86_64 0.1.2 8.42 78.53 86.95 OK
r-patched-solaris-x86 0.1.2 157.90 OK
r-release-linux-x86_64 0.1.2 9.04 77.66 86.70 OK
r-release-macos-x86_64 0.1.2 OK
r-release-windows-ix86+x86_64 0.1.2 21.00 123.00 144.00 OK
r-oldrel-macos-x86_64 0.1.2 OK
r-oldrel-windows-ix86+x86_64 0.1.2 12.00 73.00 85.00 OK

Check Details

Version: 0.1.2
Check: LazyData
Result: NOTE
     'LazyData' is specified without a 'data' directory
Flavors: r-devel-linux-x86_64-debian-clang, r-devel-linux-x86_64-debian-gcc, r-devel-linux-x86_64-fedora-clang, r-devel-linux-x86_64-fedora-gcc, r-devel-windows-ix86+x86_64, r-devel-windows-x86_64-gcc10-UCRT