CRAN Package Check Results for Package FME

Last updated on 2021-04-15 09:49:59 CEST.

Flavor Version Tinstall Tcheck Ttotal Status Flags
r-devel-linux-x86_64-debian-clang 1.3.6.1 9.04 240.06 249.10 NOTE
r-devel-linux-x86_64-debian-gcc 1.3.6.1 6.82 174.05 180.87 NOTE
r-devel-linux-x86_64-fedora-clang 1.3.6.1 297.47 NOTE
r-devel-linux-x86_64-fedora-gcc 1.3.6.1 288.87 NOTE
r-devel-windows-ix86+x86_64 1.3.6.1 19.00 325.00 344.00 NOTE
r-devel-windows-x86_64-gcc10-UCRT 1.3.6.1 NOTE
r-patched-linux-x86_64 1.3.6.1 8.93 225.64 234.57 OK
r-patched-solaris-x86 1.3.6.1 346.30 OK
r-release-linux-x86_64 1.3.6.1 8.06 223.28 231.34 OK
r-release-macos-x86_64 1.3.6.1 OK
r-release-windows-ix86+x86_64 1.3.6.1 15.00 342.00 357.00 OK
r-oldrel-macos-x86_64 1.3.6.1 OK
r-oldrel-windows-ix86+x86_64 1.3.6.1 14.00 243.00 257.00 OK

Check Details

Version: 1.3.6.1
Check: LazyData
Result: NOTE
     'LazyData' is specified without a 'data' directory
Flavors: r-devel-linux-x86_64-debian-clang, r-devel-linux-x86_64-debian-gcc, r-devel-linux-x86_64-fedora-clang, r-devel-linux-x86_64-fedora-gcc, r-devel-windows-ix86+x86_64, r-devel-windows-x86_64-gcc10-UCRT