CRAN Package Check Results for Package FITSio

Last updated on 2020-03-30 20:48:28 CEST.

Flavor Version Tinstall Tcheck Ttotal Status Flags
r-devel-linux-x86_64-debian-clang 2.1-0 3.12 23.12 26.24 NOTE
r-devel-linux-x86_64-debian-gcc 2.1-0 2.33 18.33 20.66 NOTE
r-devel-linux-x86_64-fedora-clang 2.1-0 31.85 NOTE
r-devel-linux-x86_64-fedora-gcc 2.1-0 32.25 NOTE
r-devel-windows-ix86+x86_64 2.1-0 6.00 43.00 49.00 OK
r-devel-windows-ix86+x86_64-gcc8 2.1-0 7.00 30.00 37.00 OK
r-patched-linux-x86_64 2.1-0 2.87 22.43 25.30 NOTE
r-patched-solaris-x86 2.1-0 48.30 NOTE
r-release-linux-x86_64 2.1-0 2.44 21.16 23.60 OK
r-release-windows-ix86+x86_64 2.1-0 6.00 44.00 50.00 OK
r-release-osx-x86_64 2.1-0 OK
r-oldrel-windows-ix86+x86_64 2.1-0 3.00 28.00 31.00 OK
r-oldrel-osx-x86_64 2.1-0 OK

Check Details

Version: 2.1-0
Check: for non-standard things in the check directory
Result: NOTE
    Found the following files/directories:
     'test_modified.fits'
Flavors: r-devel-linux-x86_64-debian-clang, r-devel-linux-x86_64-debian-gcc, r-devel-linux-x86_64-fedora-clang, r-devel-linux-x86_64-fedora-gcc, r-patched-linux-x86_64, r-patched-solaris-x86