CRAN Package Check Results for Package FIT

Last updated on 2021-04-15 09:49:59 CEST.

Flavor Version Tinstall Tcheck Ttotal Status Flags
r-devel-linux-x86_64-debian-clang 0.0.6 46.27 106.95 153.22 NOTE
r-devel-linux-x86_64-debian-gcc 0.0.6 31.76 73.17 104.93 NOTE
r-devel-linux-x86_64-fedora-clang 0.0.6 198.54 NOTE
r-devel-linux-x86_64-fedora-gcc 0.0.6 182.38 NOTE
r-devel-windows-ix86+x86_64 0.0.6 87.00 158.00 245.00 NOTE
r-devel-windows-x86_64-gcc10-UCRT 0.0.6 NOTE
r-patched-linux-x86_64 0.0.6 39.27 99.62 138.89 OK
r-patched-solaris-x86 0.0.6 218.00 NOTE
r-release-linux-x86_64 0.0.6 37.32 101.58 138.90 OK
r-release-macos-x86_64 0.0.6 NOTE
r-release-windows-ix86+x86_64 0.0.6 74.00 158.00 232.00 OK
r-oldrel-macos-x86_64 0.0.6 NOTE
r-oldrel-windows-ix86+x86_64 0.0.6 80.00 114.00 194.00 OK

Check Details

Version: 0.0.6
Check: LazyData
Result: NOTE
     'LazyData' is specified without a 'data' directory
Flavors: r-devel-linux-x86_64-debian-clang, r-devel-linux-x86_64-debian-gcc, r-devel-linux-x86_64-fedora-clang, r-devel-linux-x86_64-fedora-gcc, r-devel-windows-ix86+x86_64, r-devel-windows-x86_64-gcc10-UCRT

Version: 0.0.6
Check: installed package size
Result: NOTE
     installed size is 9.3Mb
     sub-directories of 1Mb or more:
     libs 8.4Mb
Flavors: r-devel-linux-x86_64-fedora-clang, r-release-macos-x86_64, r-oldrel-macos-x86_64

Version: 0.0.6
Check: dependencies in R code
Result: NOTE
    Namespaces in Imports field not imported from:
     ‘MASS’ ‘XML’ ‘gglasso’ ‘methods’
     All declared Imports should be used.
Flavors: r-devel-linux-x86_64-fedora-clang, r-devel-linux-x86_64-fedora-gcc, r-devel-windows-x86_64-gcc10-UCRT, r-patched-solaris-x86, r-release-macos-x86_64, r-oldrel-macos-x86_64