CRAN Package Check Results for Package FBFsearch

Last updated on 2021-06-22 09:51:35 CEST.

Flavor Version Tinstall Tcheck Ttotal Status Flags
r-devel-linux-x86_64-debian-clang 1.1 27.60 33.78 61.38 OK
r-devel-linux-x86_64-debian-gcc 1.1 20.22 26.38 46.60 OK
r-devel-linux-x86_64-fedora-clang 1.1 86.52 NOTE
r-devel-linux-x86_64-fedora-gcc 1.1 74.11 NOTE
r-devel-windows-x86_64 1.1 34.00 63.00 97.00 OK
r-devel-windows-x86_64-gcc10-UCRT 1.1 OK
r-patched-linux-x86_64 1.1 23.90 32.92 56.82 OK
r-patched-solaris-x86 1.1 95.90 OK
r-release-linux-x86_64 1.1 23.37 33.14 56.51 OK
r-release-macos-arm64 1.1 NOTE
r-release-macos-x86_64 1.1 NOTE
r-release-windows-ix86+x86_64 1.1 65.00 59.00 124.00 NOTE
r-oldrel-macos-x86_64 1.1 NOTE

Additional issues

clang-UBSAN

Check Details

Version: 1.1
Check: installed package size
Result: NOTE
     installed size is 5.4Mb
     sub-directories of 1Mb or more:
     data 3.5Mb
     libs 1.8Mb
Flavors: r-devel-linux-x86_64-fedora-clang, r-release-macos-arm64, r-release-macos-x86_64, r-release-windows-ix86+x86_64, r-oldrel-macos-x86_64

Version: 1.1
Check: compiled code
Result: NOTE
    File ‘FBFsearch/libs/FBFsearch.so’:
     Found no calls to: ‘R_registerRoutines’, ‘R_useDynamicSymbols’
    
    It is good practice to register native routines and to disable symbol
    search.
    
    See ‘Writing portable packages’ in the ‘Writing R Extensions’ manual.
Flavors: r-devel-linux-x86_64-fedora-clang, r-devel-linux-x86_64-fedora-gcc