CRAN Package Check Results for Package FAOSTAT

Last updated on 2021-04-15 09:49:58 CEST.

Flavor Version Tinstall Tcheck Ttotal Status Flags
r-devel-linux-x86_64-debian-clang 2.2.1 6.39 71.64 78.03 OK
r-devel-linux-x86_64-debian-gcc 2.2.1 5.59 53.52 59.11 OK
r-devel-linux-x86_64-fedora-clang 2.2.1 99.74 NOTE
r-devel-linux-x86_64-fedora-gcc 2.2.1 89.74 NOTE
r-devel-windows-ix86+x86_64 2.2.1 18.00 101.00 119.00 OK
r-devel-windows-x86_64-gcc10-UCRT 2.2.1 NOTE
r-patched-linux-x86_64 2.2.1 5.87 66.69 72.56 OK
r-patched-solaris-x86 2.2.1 131.00 NOTE
r-release-linux-x86_64 2.2.1 6.36 67.58 73.94 OK
r-release-macos-x86_64 2.2.1 NOTE
r-release-windows-ix86+x86_64 2.2.1 29.00 103.00 132.00 OK
r-oldrel-macos-x86_64 2.2.1 NOTE
r-oldrel-windows-ix86+x86_64 2.2.1 15.00 62.00 77.00 OK

Check Details

Version: 2.2.1
Check: data for non-ASCII characters
Result: NOTE
     Note: found 179 marked UTF-8 strings
Flavors: r-devel-linux-x86_64-fedora-clang, r-devel-linux-x86_64-fedora-gcc, r-devel-windows-x86_64-gcc10-UCRT, r-patched-solaris-x86, r-release-macos-x86_64, r-oldrel-macos-x86_64