CRAN Package Check Results for Package EvaluateCore

Last updated on 2021-06-21 09:52:38 CEST.

Flavor Version Tinstall Tcheck Ttotal Status Flags
r-devel-linux-x86_64-debian-clang 0.1.2 12.91 133.48 146.39 OK
r-devel-linux-x86_64-debian-gcc 0.1.2 11.08 98.55 109.63 OK
r-devel-linux-x86_64-fedora-clang 0.1.2 189.00 NOTE
r-devel-linux-x86_64-fedora-gcc 0.1.2 172.06 NOTE
r-devel-windows-x86_64 0.1.2 22.00 156.00 178.00 OK
r-devel-windows-x86_64-gcc10-UCRT 0.1.2 ERROR
r-patched-linux-x86_64 0.1.2 12.68 125.67 138.35 OK
r-patched-solaris-x86 0.1.2 257.90 NOTE
r-release-linux-x86_64 0.1.2 14.17 126.43 140.60 OK
r-release-macos-arm64 0.1.2 NOTE
r-release-macos-x86_64 0.1.2 NOTE
r-release-windows-ix86+x86_64 0.1.2 33.00 157.00 190.00 OK
r-oldrel-macos-x86_64 0.1.2 NOTE

Check Details

Version: 0.1.2
Check: dependencies in R code
Result: NOTE
    Namespace in Imports field not imported from: ‘mathjaxr’
     All declared Imports should be used.
Flavors: r-devel-linux-x86_64-fedora-clang, r-devel-linux-x86_64-fedora-gcc, r-patched-solaris-x86, r-release-macos-arm64, r-release-macos-x86_64, r-oldrel-macos-x86_64

Version: 0.1.2
Check: package dependencies
Result: ERROR
    Package required but not available: 'car'
    
    See section 'The DESCRIPTION file' in the 'Writing R Extensions'
    manual.
Flavor: r-devel-windows-x86_64-gcc10-UCRT

Version: 0.1.2
Check: package dependencies
Result: NOTE
    Package suggested but not available for checking: ‘corehunter’
Flavor: r-patched-solaris-x86