CRAN Package Check Results for Package EstimDiagnostics

Last updated on 2021-04-15 09:49:58 CEST.

Flavor Version Tinstall Tcheck Ttotal Status Flags
r-devel-linux-x86_64-debian-clang 0.0.2 5.61 78.92 84.53 NOTE
r-devel-linux-x86_64-debian-gcc 0.0.2 4.12 56.44 60.56 NOTE
r-devel-linux-x86_64-fedora-clang 0.0.2 108.24 NOTE
r-devel-linux-x86_64-fedora-gcc 0.0.2 96.20 NOTE
r-devel-windows-ix86+x86_64 0.0.2 14.00 101.00 115.00 NOTE
r-devel-windows-x86_64-gcc10-UCRT 0.0.2 NOTE
r-patched-linux-x86_64 0.0.2 4.36 72.23 76.59 OK
r-patched-solaris-x86 0.0.2 140.90 OK
r-release-linux-x86_64 0.0.2 4.88 72.66 77.54 OK
r-release-macos-x86_64 0.0.2 OK
r-release-windows-ix86+x86_64 0.0.2 15.00 107.00 122.00 OK
r-oldrel-macos-x86_64 0.0.2 OK
r-oldrel-windows-ix86+x86_64 0.0.2 8.00 70.00 78.00 OK

Check Details

Version: 0.0.2
Check: LazyData
Result: NOTE
     'LazyData' is specified without a 'data' directory
Flavors: r-devel-linux-x86_64-debian-clang, r-devel-linux-x86_64-debian-gcc, r-devel-linux-x86_64-fedora-clang, r-devel-linux-x86_64-fedora-gcc, r-devel-windows-ix86+x86_64, r-devel-windows-x86_64-gcc10-UCRT