CRAN Package Check Results for Package EstSimPDMP

Last updated on 2020-07-06 21:50:16 CEST.

Flavor Version Tinstall Tcheck Ttotal Status Flags
r-devel-linux-x86_64-debian-clang 1.2 2.44 24.93 27.37 NOTE
r-devel-linux-x86_64-debian-gcc 1.2 1.73 19.61 21.34 NOTE
r-devel-linux-x86_64-fedora-clang 1.2 41.10 NOTE
r-devel-linux-x86_64-fedora-gcc 1.2 32.84 NOTE
r-devel-windows-ix86+x86_64 1.2 8.00 45.00 53.00 NOTE
r-patched-linux-x86_64 1.2 2.52 25.57 28.09 NOTE
r-patched-solaris-x86 1.2 47.80 NOTE
r-release-linux-x86_64 1.2 2.25 24.63 26.88 NOTE
r-release-osx-x86_64 1.2 NOTE
r-release-windows-ix86+x86_64 1.2 5.00 32.00 37.00 NOTE
r-oldrel-osx-x86_64 1.2 NOTE
r-oldrel-windows-ix86+x86_64 1.2 6.00 43.00 49.00 NOTE

Check Details

Version: 1.2
Check: R code for possible problems
Result: NOTE
    .Transition: no visible global function definition for 'rnorm'
    .Transition.DC: no visible global function definition for 'runif'
    Simu.Cond.HR: no visible global function definition for 'rpois'
    Simu.Cond.HR: no visible global function definition for 'runif'
    Simu.Cond.HR: no visible global function definition for 'hist'
    Simu.Cond.HR: no visible global function definition for 'var'
    Simu.HR: no visible global function definition for 'rpois'
    Simu.HR: no visible global function definition for 'runif'
    Simu.HR: no visible global function definition for 'hist'
    Simu.HR: no visible global function definition for 'var'
    Undefined global functions or variables:
     hist rnorm rpois runif var
    Consider adding
     importFrom("graphics", "hist")
     importFrom("stats", "rnorm", "rpois", "runif", "var")
    to your NAMESPACE file.
Flavors: r-devel-linux-x86_64-debian-clang, r-devel-linux-x86_64-debian-gcc, r-devel-linux-x86_64-fedora-clang, r-devel-linux-x86_64-fedora-gcc, r-devel-windows-ix86+x86_64, r-patched-linux-x86_64, r-patched-solaris-x86, r-release-linux-x86_64, r-release-osx-x86_64, r-release-windows-ix86+x86_64

Version: 1.2
Check: R code for possible problems
Result: NOTE
    .Transition: no visible global function definition for ‘rnorm’
    .Transition.DC: no visible global function definition for ‘runif’
    CondPdf.CC.interval: no visible global function definition for ‘plot’
    CondPdf.DC.interval: no visible global function definition for ‘plot’
    Simu.Cond.HR: no visible global function definition for ‘rpois’
    Simu.Cond.HR: no visible global function definition for ‘runif’
    Simu.Cond.HR: no visible global function definition for ‘hist’
    Simu.Cond.HR: no visible global function definition for ‘var’
    Simu.HR: no visible global function definition for ‘rpois’
    Simu.HR: no visible global function definition for ‘runif’
    Simu.HR: no visible global function definition for ‘hist’
    Simu.HR: no visible global function definition for ‘var’
    Simu.PDMP: no visible global function definition for ‘plot’
    Simu.PDMP.DC: no visible global function definition for ‘plot’
    plotCHR: no visible global function definition for ‘plot’
    plotHR: no visible global function definition for ‘plot’
    Undefined global functions or variables:
     hist plot rnorm rpois runif var
    Consider adding
     importFrom("graphics", "hist", "plot")
     importFrom("stats", "rnorm", "rpois", "runif", "var")
    to your NAMESPACE file.
Flavors: r-oldrel-osx-x86_64, r-oldrel-windows-ix86+x86_64