CRAN Package Check Results for Package EpiEstim

Last updated on 2021-06-21 09:52:38 CEST.

Flavor Version Tinstall Tcheck Ttotal Status Flags
r-devel-linux-x86_64-debian-clang 2.2-4 13.02 186.93 199.95 OK
r-devel-linux-x86_64-debian-gcc 2.2-4 10.79 137.29 148.08 OK
r-devel-linux-x86_64-fedora-clang 2.2-4 241.33 OK
r-devel-linux-x86_64-fedora-gcc 2.2-4 238.21 OK
r-devel-windows-x86_64 2.2-4 19.00 214.00 233.00 OK
r-devel-windows-x86_64-gcc10-UCRT 2.2-4 NOTE
r-patched-linux-x86_64 2.2-4 16.31 178.36 194.67 OK
r-patched-solaris-x86 2.2-4 312.80 OK
r-release-linux-x86_64 2.2-4 8.90 176.31 185.21 OK
r-release-macos-arm64 2.2-4 OK
r-release-macos-x86_64 2.2-4 OK
r-release-windows-ix86+x86_64 2.2-4 30.00 220.00 250.00 OK
r-oldrel-macos-x86_64 2.2-4 OK

Check Details

Version: 2.2-4
Check: package dependencies
Result: NOTE
    Package suggested but not available for checking: 'covr'
Flavor: r-devel-windows-x86_64-gcc10-UCRT