CRAN Package Check Results for Package EnvStats

Last updated on 2020-03-30 20:48:26 CEST.

Flavor Version Tinstall Tcheck Ttotal Status Flags
r-devel-linux-x86_64-debian-clang 2.3.1 65.03 507.24 572.27 OK
r-devel-linux-x86_64-debian-gcc 2.3.1 58.58 371.46 430.04 OK
r-devel-linux-x86_64-fedora-clang 2.3.1 684.45 NOTE
r-devel-linux-x86_64-fedora-gcc 2.3.1 685.71 OK
r-devel-windows-ix86+x86_64 2.3.1 75.00 411.00 486.00 NOTE
r-devel-windows-ix86+x86_64-gcc8 2.3.1 91.00 420.00 511.00 NOTE
r-patched-linux-x86_64 2.3.1 64.99 495.05 560.04 OK
r-patched-solaris-x86 2.3.1 672.10 NOTE
r-release-linux-x86_64 2.3.1 59.98 467.79 527.77 OK
r-release-windows-ix86+x86_64 2.3.1 127.00 536.00 663.00 NOTE
r-release-osx-x86_64 2.3.1 NOTE
r-oldrel-windows-ix86+x86_64 2.3.1 108.00 507.00 615.00 NOTE
r-oldrel-osx-x86_64 2.3.1 NOTE

Check Details

Version: 2.3.1
Check: installed package size
Result: NOTE
     installed size is 9.7Mb
     sub-directories of 1Mb or more:
     R 2.3Mb
     doc 3.3Mb
     help 3.4Mb
Flavors: r-devel-linux-x86_64-fedora-clang, r-devel-windows-ix86+x86_64, r-devel-windows-ix86+x86_64-gcc8, r-patched-solaris-x86, r-release-windows-ix86+x86_64, r-release-osx-x86_64, r-oldrel-windows-ix86+x86_64, r-oldrel-osx-x86_64