CRAN Package Check Results for Package EcoGenetics

Last updated on 2020-03-30 20:48:26 CEST.

Flavor Version Tinstall Tcheck Ttotal Status Flags
r-devel-linux-x86_64-debian-clang 1.2.1-5 55.42 235.73 291.15 OK
r-devel-linux-x86_64-debian-gcc 1.2.1-5 45.74 180.02 225.76 OK
r-devel-linux-x86_64-fedora-clang 1.2.1-5 355.09 WARN
r-devel-linux-x86_64-fedora-gcc 1.2.1-5 352.43 OK
r-devel-windows-ix86+x86_64 1.2.1-5 88.00 218.00 306.00 OK
r-devel-windows-ix86+x86_64-gcc8 1.2.1-5 77.00 248.00 325.00 OK
r-patched-linux-x86_64 1.2.1-5 50.91 225.98 276.89 OK
r-patched-solaris-x86 1.2.1-5 537.40 OK
r-release-linux-x86_64 1.2.1-5 50.60 213.22 263.82 OK
r-release-windows-ix86+x86_64 1.2.1-5 126.00 332.00 458.00 OK
r-release-osx-x86_64 1.2.1-5 OK
r-oldrel-windows-ix86+x86_64 1.2.1-5 94.00 279.00 373.00 OK
r-oldrel-osx-x86_64 1.2.1-5 OK

Check Details

Version: 1.2.1-5
Check: package dependencies
Result: WARN
    Requires orphaned package: ‘d3heatmap’
Flavor: r-devel-linux-x86_64-fedora-clang