CRAN Package Check Results for Package Ecfun

Last updated on 2021-04-15 09:49:57 CEST.

Flavor Version Tinstall Tcheck Ttotal Status Flags
r-devel-linux-x86_64-debian-clang 0.2-4 16.37 152.36 168.73 NOTE
r-devel-linux-x86_64-debian-gcc 0.2-4 13.42 115.42 128.84 NOTE
r-devel-linux-x86_64-fedora-clang 0.2-4 220.04 NOTE
r-devel-linux-x86_64-fedora-gcc 0.2-4 210.81 NOTE
r-devel-windows-ix86+x86_64 0.2-4 34.00 202.00 236.00 NOTE
r-devel-windows-x86_64-gcc10-UCRT 0.2-4 NOTE
r-patched-linux-x86_64 0.2-4 16.73 142.97 159.70 OK
r-patched-solaris-x86 0.2-4 251.80 OK
r-release-linux-x86_64 0.2-4 14.31 142.50 156.81 OK
r-release-macos-x86_64 0.2-4 OK
r-release-windows-ix86+x86_64 0.2-4 35.00 204.00 239.00 OK
r-oldrel-macos-x86_64 0.2-4 OK
r-oldrel-windows-ix86+x86_64 0.2-4 18.00 136.00 154.00 OK

Check Details

Version: 0.2-4
Check: LazyData
Result: NOTE
     'LazyData' is specified without a 'data' directory
Flavors: r-devel-linux-x86_64-debian-clang, r-devel-linux-x86_64-debian-gcc, r-devel-linux-x86_64-fedora-clang, r-devel-linux-x86_64-fedora-gcc, r-devel-windows-ix86+x86_64, r-devel-windows-x86_64-gcc10-UCRT

Version: 0.2-4
Check: Rd cross-references
Result: NOTE
    Undeclared packages ‘EnvStats’, ‘drc’, ‘zoo’, ‘prodlim’, ‘plyr’, ‘TRAMPR’, ‘gdata’, ‘raster’ in Rd xrefs
Flavor: r-devel-linux-x86_64-fedora-clang