CRAN Package Check Results for Package EasyMARK

Last updated on 2020-03-30 20:48:26 CEST.

Flavor Version Tinstall Tcheck Ttotal Status Flags
r-devel-linux-x86_64-debian-clang 1.0 3.06 25.12 28.18 NOTE
r-devel-linux-x86_64-debian-gcc 1.0 2.67 20.19 22.86 NOTE
r-devel-linux-x86_64-fedora-clang 1.0 34.14 NOTE
r-devel-linux-x86_64-fedora-gcc 1.0 34.24 NOTE
r-devel-windows-ix86+x86_64 1.0 8.00 39.00 47.00 NOTE
r-devel-windows-ix86+x86_64-gcc8 1.0 7.00 47.00 54.00 NOTE
r-patched-linux-x86_64 1.0 3.27 24.84 28.11 NOTE
r-patched-solaris-x86 1.0 69.90 NOTE
r-release-linux-x86_64 1.0 2.63 23.31 25.94 NOTE
r-release-windows-ix86+x86_64 1.0 10.00 56.00 66.00 NOTE
r-release-osx-x86_64 1.0 NOTE
r-oldrel-windows-ix86+x86_64 1.0 5.00 60.00 65.00 NOTE
r-oldrel-osx-x86_64 1.0 NOTE

Check Details

Version: 1.0
Check: DESCRIPTION meta-information
Result: NOTE
    Malformed Title field: should not end in a period.
Flavors: r-devel-linux-x86_64-debian-clang, r-devel-linux-x86_64-debian-gcc, r-devel-linux-x86_64-fedora-clang, r-devel-linux-x86_64-fedora-gcc, r-devel-windows-ix86+x86_64, r-devel-windows-ix86+x86_64-gcc8, r-patched-linux-x86_64, r-patched-solaris-x86, r-release-linux-x86_64, r-release-windows-ix86+x86_64, r-release-osx-x86_64, r-oldrel-windows-ix86+x86_64, r-oldrel-osx-x86_64

Version: 1.0
Check: R code for possible problems
Result: NOTE
    MARK.MCMC : Model.Creator: no visible global function definition for
     'combn'
    MARK.MCMC : formula.Maker: no visible global function definition for
     'combn'
    Simulate.CH: no visible global function definition for 'rnorm'
    Simulate.CH: no visible global function definition for 'rbinom'
    Undefined global functions or variables:
     combn rbinom rnorm
    Consider adding
     importFrom("stats", "rbinom", "rnorm")
     importFrom("utils", "combn")
    to your NAMESPACE file.
Flavors: r-devel-linux-x86_64-debian-clang, r-devel-linux-x86_64-debian-gcc, r-devel-linux-x86_64-fedora-clang, r-devel-linux-x86_64-fedora-gcc, r-devel-windows-ix86+x86_64, r-devel-windows-ix86+x86_64-gcc8, r-patched-linux-x86_64, r-patched-solaris-x86, r-release-linux-x86_64, r-release-windows-ix86+x86_64, r-release-osx-x86_64, r-oldrel-windows-ix86+x86_64, r-oldrel-osx-x86_64