CRAN Package Check Results for Package EasyDescribe

Last updated on 2021-06-20 09:49:47 CEST.

Flavor Version Tinstall Tcheck Ttotal Status Flags
r-devel-linux-x86_64-debian-clang 0.1.0 10.57 88.42 98.99 OK
r-devel-linux-x86_64-debian-gcc 0.1.0 8.59 66.14 74.73 OK
r-devel-linux-x86_64-fedora-clang 0.1.0 132.20 OK
r-devel-linux-x86_64-fedora-gcc 0.1.0 127.05 OK
r-devel-windows-x86_64 0.1.0 18.00 113.00 131.00 OK
r-devel-windows-x86_64-gcc10-UCRT 0.1.0 ERROR
r-patched-linux-x86_64 0.1.0 10.11 82.87 92.98 OK
r-patched-solaris-x86 0.1.0 172.80 OK
r-release-linux-x86_64 0.1.0 11.62 82.80 94.42 OK
r-release-macos-arm64 0.1.0 OK
r-release-macos-x86_64 0.1.0 OK
r-release-windows-ix86+x86_64 0.1.0 29.00 111.00 140.00 OK
r-oldrel-macos-x86_64 0.1.0 OK
r-oldrel-windows-ix86+x86_64 0.1.0 17.00 81.00 98.00 OK

Check Details

Version: 0.1.0
Check: package dependencies
Result: ERROR
    Package required but not available: 'FSA'
    
    See section 'The DESCRIPTION file' in the 'Writing R Extensions'
    manual.
Flavor: r-devel-windows-x86_64-gcc10-UCRT