CRAN Package Check Results for Package EMMIXgene

Last updated on 2020-02-17 14:47:45 CET.

Flavor Version Tinstall Tcheck Ttotal Status Flags
r-devel-linux-x86_64-debian-clang 0.1.2 55.15 71.24 126.39 OK
r-devel-linux-x86_64-debian-gcc 0.1.2 43.02 53.11 96.13 OK
r-devel-linux-x86_64-fedora-clang 0.1.2 169.43 NOTE
r-devel-linux-x86_64-fedora-gcc 0.1.2 162.73 OK
r-devel-windows-ix86+x86_64 0.1.2 115.00 123.00 238.00 OK
r-devel-windows-ix86+x86_64-gcc8 0.1.1 162.00 164.00 326.00 WARN
r-patched-linux-x86_64 0.1.2 44.37 65.90 110.27 OK
r-patched-solaris-x86 0.1.2 183.80 OK
r-release-linux-x86_64 0.1.2 46.32 65.59 111.91 OK
r-release-windows-ix86+x86_64 0.1.2 96.00 125.00 221.00 OK
r-release-osx-x86_64 0.1.2 NOTE
r-oldrel-windows-ix86+x86_64 0.1.2 130.00 172.00 302.00 OK
r-oldrel-osx-x86_64 0.1.2 NOTE

Check Details

Version: 0.1.2
Check: installed package size
Result: NOTE
     installed size is 6.4Mb
     sub-directories of 1Mb or more:
     data 2.0Mb
     libs 3.7Mb
Flavors: r-devel-linux-x86_64-fedora-clang, r-release-osx-x86_64, r-oldrel-osx-x86_64

Version: 0.1.1
Check: whether package can be installed
Result: WARN
    Found the following significant warnings:
     emmix.cpp:351:195: warning: value computed is not used [-Wunused-value]
Flavor: r-devel-windows-ix86+x86_64-gcc8

Version: 0.1.1
Check: installed package size
Result: NOTE
     installed size is 5.2Mb
     sub-directories of 1Mb or more:
     data 2.0Mb
     libs 2.5Mb
Flavor: r-devel-windows-ix86+x86_64-gcc8