CRAN Package Check Results for Package EIAdata

Last updated on 2021-04-15 09:49:57 CEST.

Flavor Version Tinstall Tcheck Ttotal Status Flags
r-devel-linux-x86_64-debian-clang 0.1.1 2.96 34.24 37.20 OK
r-devel-linux-x86_64-debian-gcc 0.1.1 2.76 27.03 29.79 OK
r-devel-linux-x86_64-fedora-clang 0.1.1 54.07 OK
r-devel-linux-x86_64-fedora-gcc 0.1.1 45.37 OK
r-devel-windows-ix86+x86_64 0.1.1 6.00 51.00 57.00 ERROR
r-devel-windows-x86_64-gcc10-UCRT 0.1.1 OK
r-patched-linux-x86_64 0.1.1 2.81 32.71 35.52 OK
r-patched-solaris-x86 0.1.1 70.80 OK
r-release-linux-x86_64 0.1.1 3.13 33.68 36.81 OK
r-release-macos-x86_64 0.1.1 OK
r-release-windows-ix86+x86_64 0.1.1 7.00 58.00 65.00 ERROR
r-oldrel-macos-x86_64 0.1.1 OK
r-oldrel-windows-ix86+x86_64 0.1.1 6.00 38.00 44.00 ERROR

Check Details

Version: 0.1.1
Check: examples
Result: ERROR
    Running examples in 'EIAdata-Ex.R' failed
    The error most likely occurred in:
    
    > ### Name: EIAdata-package
    > ### Title: R wrapper for the US Energy Information Administration's (EIA's)
    > ### API.
    > ### Aliases: EIAdata-package EIAdata
    > ### Keywords: EIAdata
    >
    > ### ** Examples
    >
    > # The function wngsr will return a list object containing the time
    > # the report was run, and the contents of the US EIA's Weekly
    > # Natural Gas Storage Report. The function has no arguments,
    > # so simply run:
    >
    > wngsr()
    Warning in file(file, "rt") :
     InternetOpenUrl failed: 'Die Serververbindung konnte nicht hergestellt werden.'
    Error in file(file, "rt") : cannot open the connection
    Calls: wngsr -> <Anonymous> -> read.table -> file
    Execution halted
Flavors: r-devel-windows-ix86+x86_64, r-release-windows-ix86+x86_64, r-oldrel-windows-ix86+x86_64