CRAN Package Check Results for Package EFS

Last updated on 2020-05-29 17:49:03 CEST.

Flavor Version Tinstall Tcheck Ttotal Status Flags
r-devel-linux-x86_64-debian-clang 1.0.3 8.41 75.51 83.92 NOTE
r-devel-linux-x86_64-debian-gcc 1.0.3 7.32 59.27 66.59 NOTE
r-devel-linux-x86_64-fedora-clang 1.0.3 112.28 NOTE
r-devel-linux-x86_64-fedora-gcc 1.0.3 102.47 NOTE
r-devel-windows-ix86+x86_64 1.0.3 28.00 116.00 144.00 OK
r-patched-linux-x86_64 1.0.3 8.58 75.42 84.00 NOTE
r-patched-solaris-x86 1.0.3 165.30 NOTE
r-release-linux-x86_64 1.0.3 8.77 75.75 84.52 NOTE
r-release-osx-x86_64 1.0.3 OK
r-release-windows-ix86+x86_64 1.0.3 21.00 87.00 108.00 OK
r-oldrel-osx-x86_64 1.0.3 OK
r-oldrel-windows-ix86+x86_64 1.0.3 19.00 87.00 106.00 OK

Check Details

Version: 1.0.3
Check: for non-standard things in the check directory
Result: NOTE
    Found the following files/directories:
     'eval_test_LG_ROC.pdf' 'test.pdf'
Flavors: r-devel-linux-x86_64-debian-clang, r-devel-linux-x86_64-debian-gcc, r-devel-linux-x86_64-fedora-clang, r-devel-linux-x86_64-fedora-gcc, r-patched-linux-x86_64, r-patched-solaris-x86, r-release-linux-x86_64