CRAN Package Check Results for Package ECoL

Last updated on 2021-04-15 09:49:57 CEST.

Flavor Version Tinstall Tcheck Ttotal Status Flags
r-devel-linux-x86_64-debian-clang 0.3.0 3.47 48.49 51.96 NOTE
r-devel-linux-x86_64-debian-gcc 0.3.0 2.74 35.76 38.50 NOTE
r-devel-linux-x86_64-fedora-clang 0.3.0 69.69 NOTE
r-devel-linux-x86_64-fedora-gcc 0.3.0 62.27 NOTE
r-devel-windows-ix86+x86_64 0.3.0 6.00 68.00 74.00 NOTE
r-devel-windows-x86_64-gcc10-UCRT 0.3.0 NOTE
r-patched-linux-x86_64 0.3.0 3.45 45.95 49.40 OK
r-patched-solaris-x86 0.3.0 82.50 OK
r-release-linux-x86_64 0.3.0 3.29 46.23 49.52 OK
r-release-macos-x86_64 0.3.0 OK
r-release-windows-ix86+x86_64 0.3.0 6.00 71.00 77.00 OK
r-oldrel-macos-x86_64 0.3.0 OK
r-oldrel-windows-ix86+x86_64 0.3.0 5.00 49.00 54.00 OK

Check Details

Version: 0.3.0
Check: LazyData
Result: NOTE
     'LazyData' is specified without a 'data' directory
Flavors: r-devel-linux-x86_64-debian-clang, r-devel-linux-x86_64-debian-gcc, r-devel-linux-x86_64-fedora-clang, r-devel-linux-x86_64-fedora-gcc, r-devel-windows-ix86+x86_64, r-devel-windows-x86_64-gcc10-UCRT