CRAN Package Check Results for Package DiversityOccupancy

Last updated on 2020-07-06 21:50:14 CEST.

Flavor Version Tinstall Tcheck Ttotal Status Flags
r-devel-linux-x86_64-debian-clang 1.0.6 21.36 167.41 188.77 OK
r-devel-linux-x86_64-debian-gcc 1.0.6 16.93 129.20 146.13 OK
r-devel-linux-x86_64-fedora-clang 1.0.6 243.37 OK
r-devel-linux-x86_64-fedora-gcc 1.0.6 232.42 OK
r-devel-windows-ix86+x86_64 1.0.6 56.00 256.00 312.00 OK
r-patched-linux-x86_64 1.0.6 19.58 162.56 182.14 OK
r-patched-solaris-x86 1.0.6 337.50 OK
r-release-linux-x86_64 1.0.6 20.85 163.17 184.02 OK
r-release-osx-x86_64 1.0.6 OK
r-release-windows-ix86+x86_64 1.0.6 40.00 159.00 199.00 OK
r-oldrel-osx-x86_64 1.0.6 WARN
r-oldrel-windows-ix86+x86_64 1.0.6 58.00 209.00 267.00 OK

Check Details

Version: 1.0.6
Check: whether package can be installed
Result: WARN
    Found the following significant warnings:
     Warning: 'rgl_init' failed, running with rgl.useNULL = TRUE
Flavor: r-oldrel-osx-x86_64