CRAN Package Check Results for Package DistributionTest

Last updated on 2021-04-15 09:49:56 CEST.

Flavor Version Tinstall Tcheck Ttotal Status Flags
r-devel-linux-x86_64-debian-clang 1.1 3.49 32.77 36.26 NOTE
r-devel-linux-x86_64-debian-gcc 1.1 2.37 25.92 28.29 NOTE
r-devel-linux-x86_64-fedora-clang 1.1 53.17 NOTE
r-devel-linux-x86_64-fedora-gcc 1.1 44.02 NOTE
r-devel-windows-ix86+x86_64 1.1 6.00 55.00 61.00 NOTE
r-devel-windows-x86_64-gcc10-UCRT 1.1 NOTE
r-patched-linux-x86_64 1.1 2.54 31.25 33.79 OK
r-patched-solaris-x86 1.1 58.90 OK
r-release-linux-x86_64 1.1 2.82 31.33 34.15 OK
r-release-macos-x86_64 1.1 OK
r-release-windows-ix86+x86_64 1.1 5.00 50.00 55.00 OK
r-oldrel-macos-x86_64 1.1 OK
r-oldrel-windows-ix86+x86_64 1.1 5.00 39.00 44.00 OK

Check Details

Version: 1.1
Check: LazyData
Result: NOTE
     'LazyData' is specified without a 'data' directory
Flavors: r-devel-linux-x86_64-debian-clang, r-devel-linux-x86_64-debian-gcc, r-devel-linux-x86_64-fedora-clang, r-devel-linux-x86_64-fedora-gcc, r-devel-windows-ix86+x86_64, r-devel-windows-x86_64-gcc10-UCRT